{"version":"1.0","provider_name":"La Feria, Carrusel Cultural","provider_url":"https:\/\/noticias.imer.mx\/laferia","author_name":"La Feria","author_url":"https:\/\/noticias.imer.mx\/laferia\/author\/laferia\/","title":"El Foro Mexicano para el Cine Nuevo - La Feria, Carrusel Cultural","type":"rich","width":600,"height":338,"html":"<blockquote class=\"wp-embedded-content\" data-secret=\"ojvxgfYtEk\"><a href=\"https:\/\/noticias.imer.mx\/laferia\/2013\/02\/22\/el-foro-mexicano-para-el-cine-nuevo\/\">El Foro Mexicano para el Cine Nuevo<\/a><\/blockquote><iframe sandbox=\"allow-scripts\" security=\"restricted\" src=\"https:\/\/noticias.imer.mx\/laferia\/2013\/02\/22\/el-foro-mexicano-para-el-cine-nuevo\/embed\/#?secret=ojvxgfYtEk\" width=\"600\" height=\"338\" title=\"\u00abEl Foro Mexicano para el Cine Nuevo\u00bb \u2014 La Feria, Carrusel Cultural\" data-secret=\"ojvxgfYtEk\" frameborder=\"0\" marginwidth=\"0\" marginheight=\"0\" scrolling=\"no\" class=\"wp-embedded-content\"><\/iframe><script type=\"text\/javascript\">\n\/*! This file is auto-generated *\/\n!function(c,d){\"use strict\";var e=!1,o=!1;if(d.querySelector)if(c.addEventListener)e=!0;if(c.wp=c.wp||{},c.wp.receiveEmbedMessage);else if(c.wp.receiveEmbedMessage=function(e){var t=e.data;if(!t);else if(!(t.secret||t.message||t.value));else if(\/[^a-zA-Z0-9]\/.test(t.secret));else{for(var r,s,a,i=d.querySelectorAll('iframe[data-secret=\"'+t.secret+'\"]'),n=d.querySelectorAll('blockquote[data-secret=\"'+t.secret+'\"]'),o=new RegExp(\"^https?:$\",\"i\"),l=0;l<n.length;l++)n[l].style.display=\"none\";for(l=0;l<i.length;l++)if(r=i[l],e.source!==r.contentWindow);else{if(r.removeAttribute(\"style\"),\"height\"===t.message){if(1e3<(s=parseInt(t.value,10)))s=1e3;else if(~~s<200)s=200;r.height=s}if(\"link\"===t.message)if(s=d.createElement(\"a\"),a=d.createElement(\"a\"),s.href=r.getAttribute(\"src\"),a.href=t.value,!o.test(a.protocol));else if(a.host===s.host)if(d.activeElement===r)c.top.location.href=t.value}}},e)c.addEventListener(\"message\",c.wp.receiveEmbedMessage,!1),d.addEventListener(\"DOMContentLoaded\",t,!1),c.addEventListener(\"load\",t,!1);function t(){if(o);else{o=!0;for(var e,t,r,s=-1!==navigator.appVersion.indexOf(\"MSIE 10\"),a=!!navigator.userAgent.match(\/Trident.*rv:11\\.\/),i=d.querySelectorAll(\"iframe.wp-embedded-content\"),n=0;n<i.length;n++){if(!(r=(t=i[n]).getAttribute(\"data-secret\")))r=Math.random().toString(36).substr(2,10),t.src+=\"#?secret=\"+r,t.setAttribute(\"data-secret\",r);if(s||a)(e=t.cloneNode(!0)).removeAttribute(\"security\"),t.parentNode.replaceChild(e,t);t.contentWindow.postMessage({message:\"ready\",secret:r},\"*\")}}}}(window,document);\n<\/script>\n","description":"El Foro Mexicano para el Cine Nuevo buscar\u00e1, en todas sus vertientes, apoyar al cine nacional, que es cada vez m\u00e1s escaso, desde la conformaci\u00f3n de festivales con car\u00e1cter internacional, se\u00f1al\u00f3 su director Alejandro Ram\u00edrez. Informaci\u00f3n Amelia Rojas. \u00a0El Foro Mexicano para el Cine Nuevo","thumbnail_url":"http:\/\/snn.imer.gob.mx\/laferia\/files\/2013\/02\/novel-150x150.jpg"}

El Foro Mexicano para el Cine Nuevo buscará, en todas sus vertientes, apoyar al cine nacional, que es cada vez más escaso, desde la conformación de festivales con carácter internacional, señaló su director Alejandro Ramírez. Información Amelia Rojas.  El Foro Mexicano para el Cine Nuevo
