{"version":"1.0","provider_name":"Antena Radio","provider_url":"https:\/\/noticias.imer.mx\/antenaradio","author_name":"IMER Noticias","author_url":"https:\/\/noticias.imer.mx\/antenaradio\/author\/antenaradio\/","title":"Todos los Lunes 10 de Diciembre - Antena Radio","type":"rich","width":600,"height":338,"html":"<blockquote class=\"wp-embedded-content\" data-secret=\"6VrXmv8mIp\"><a href=\"https:\/\/noticias.imer.mx\/antenaradio\/2012\/12\/10\/todos-los-lunes-10-de-diciembre\/\">Todos los Lunes 10 de Diciembre<\/a><\/blockquote><iframe sandbox=\"allow-scripts\" security=\"restricted\" src=\"https:\/\/noticias.imer.mx\/antenaradio\/2012\/12\/10\/todos-los-lunes-10-de-diciembre\/embed\/#?secret=6VrXmv8mIp\" width=\"600\" height=\"338\" title=\"\u00abTodos los Lunes 10 de Diciembre\u00bb \u2014 Antena Radio\" data-secret=\"6VrXmv8mIp\" frameborder=\"0\" marginwidth=\"0\" marginheight=\"0\" scrolling=\"no\" class=\"wp-embedded-content\"><\/iframe><script type=\"text\/javascript\">\n\/*! This file is auto-generated *\/\n!function(c,d){\"use strict\";var e=!1,o=!1;if(d.querySelector)if(c.addEventListener)e=!0;if(c.wp=c.wp||{},c.wp.receiveEmbedMessage);else if(c.wp.receiveEmbedMessage=function(e){var t=e.data;if(!t);else if(!(t.secret||t.message||t.value));else if(\/[^a-zA-Z0-9]\/.test(t.secret));else{for(var r,s,a,i=d.querySelectorAll('iframe[data-secret=\"'+t.secret+'\"]'),n=d.querySelectorAll('blockquote[data-secret=\"'+t.secret+'\"]'),o=new RegExp(\"^https?:$\",\"i\"),l=0;l<n.length;l++)n[l].style.display=\"none\";for(l=0;l<i.length;l++)if(r=i[l],e.source!==r.contentWindow);else{if(r.removeAttribute(\"style\"),\"height\"===t.message){if(1e3<(s=parseInt(t.value,10)))s=1e3;else if(~~s<200)s=200;r.height=s}if(\"link\"===t.message)if(s=d.createElement(\"a\"),a=d.createElement(\"a\"),s.href=r.getAttribute(\"src\"),a.href=t.value,!o.test(a.protocol));else if(a.host===s.host)if(d.activeElement===r)c.top.location.href=t.value}}},e)c.addEventListener(\"message\",c.wp.receiveEmbedMessage,!1),d.addEventListener(\"DOMContentLoaded\",t,!1),c.addEventListener(\"load\",t,!1);function t(){if(o);else{o=!0;for(var e,t,r,s=-1!==navigator.appVersion.indexOf(\"MSIE 10\"),a=!!navigator.userAgent.match(\/Trident.*rv:11\\.\/),i=d.querySelectorAll(\"iframe.wp-embedded-content\"),n=0;n<i.length;n++){if(!(r=(t=i[n]).getAttribute(\"data-secret\")))r=Math.random().toString(36).substr(2,10),t.src+=\"#?secret=\"+r,t.setAttribute(\"data-secret\",r);if(s||a)(e=t.cloneNode(!0)).removeAttribute(\"security\"),t.parentNode.replaceChild(e,t);t.contentWindow.postMessage({message:\"ready\",secret:r},\"*\")}}}}(window,document);\n<\/script>\n","description":"El periodista y analista de comunicaci\u00f3n, Alejandro Navarrete, en entrevista abord\u00f3 el tema de la cobertura de la manifestaciones del primero de diciembre en contra de la toma de protesta del presidente Enrique Pe\u00f1a Nieto. Descargue aqu\u00ed el audio de Alejandro Navarrete &nbsp; Sobre el Pacto por M\u00e9xico en materia de Educaci\u00f3n hablamos con el&hellip;","thumbnail_url":"http:\/\/snn.imer.gob.mx\/todosloslunes\/files\/2012\/12\/Protestas-1-de-diciembre-150x150.jpg"}

El periodista y analista de comunicación, Alejandro Navarrete, en entrevista abordó el tema de la cobertura de la manifestaciones del primero de diciembre en contra de la toma de protesta del presidente Enrique Peña Nieto. Descargue aquí el audio de Alejandro Navarrete &nbsp; Sobre el Pacto por México en materia de Educación hablamos con el&hellip;
