{"version":"1.0","provider_name":"Antena Radio","provider_url":"https:\/\/noticias.imer.mx\/antenaradio","author_name":"IMER Noticias","author_url":"https:\/\/noticias.imer.mx\/antenaradio\/author\/antenaradio\/","title":"Acuerdo pol\u00edtico nacional, relaci\u00f3n PRI-PRD - Antena Radio","type":"rich","width":600,"height":338,"html":"<blockquote class=\"wp-embedded-content\" data-secret=\"B8BM3fLbUW\"><a href=\"https:\/\/noticias.imer.mx\/antenaradio\/2012\/11\/28\/acuerdo-politico-nacional-relacion-pri-prd\/\">Acuerdo pol\u00edtico nacional, relaci\u00f3n PRI-PRD<\/a><\/blockquote><iframe sandbox=\"allow-scripts\" security=\"restricted\" src=\"https:\/\/noticias.imer.mx\/antenaradio\/2012\/11\/28\/acuerdo-politico-nacional-relacion-pri-prd\/embed\/#?secret=B8BM3fLbUW\" width=\"600\" height=\"338\" title=\"\u00abAcuerdo pol\u00edtico nacional, relaci\u00f3n PRI-PRD\u00bb \u2014 Antena Radio\" data-secret=\"B8BM3fLbUW\" frameborder=\"0\" marginwidth=\"0\" marginheight=\"0\" scrolling=\"no\" class=\"wp-embedded-content\"><\/iframe><script type=\"text\/javascript\">\n\/*! This file is auto-generated *\/\n!function(c,d){\"use strict\";var e=!1,o=!1;if(d.querySelector)if(c.addEventListener)e=!0;if(c.wp=c.wp||{},c.wp.receiveEmbedMessage);else if(c.wp.receiveEmbedMessage=function(e){var t=e.data;if(!t);else if(!(t.secret||t.message||t.value));else if(\/[^a-zA-Z0-9]\/.test(t.secret));else{for(var r,s,a,i=d.querySelectorAll('iframe[data-secret=\"'+t.secret+'\"]'),n=d.querySelectorAll('blockquote[data-secret=\"'+t.secret+'\"]'),o=new RegExp(\"^https?:$\",\"i\"),l=0;l<n.length;l++)n[l].style.display=\"none\";for(l=0;l<i.length;l++)if(r=i[l],e.source!==r.contentWindow);else{if(r.removeAttribute(\"style\"),\"height\"===t.message){if(1e3<(s=parseInt(t.value,10)))s=1e3;else if(~~s<200)s=200;r.height=s}if(\"link\"===t.message)if(s=d.createElement(\"a\"),a=d.createElement(\"a\"),s.href=r.getAttribute(\"src\"),a.href=t.value,!o.test(a.protocol));else if(a.host===s.host)if(d.activeElement===r)c.top.location.href=t.value}}},e)c.addEventListener(\"message\",c.wp.receiveEmbedMessage,!1),d.addEventListener(\"DOMContentLoaded\",t,!1),c.addEventListener(\"load\",t,!1);function t(){if(o);else{o=!0;for(var e,t,r,s=-1!==navigator.appVersion.indexOf(\"MSIE 10\"),a=!!navigator.userAgent.match(\/Trident.*rv:11\\.\/),i=d.querySelectorAll(\"iframe.wp-embedded-content\"),n=0;n<i.length;n++){if(!(r=(t=i[n]).getAttribute(\"data-secret\")))r=Math.random().toString(36).substr(2,10),t.src+=\"#?secret=\"+r,t.setAttribute(\"data-secret\",r);if(s||a)(e=t.cloneNode(!0)).removeAttribute(\"security\"),t.parentNode.replaceChild(e,t);t.contentWindow.postMessage({message:\"ready\",secret:r},\"*\")}}}}(window,document);\n<\/script>\n","description":"El maestro Juan Luis Hern\u00e1ndez Avenda\u00f1o,polit\u00f3logo, profesor de tiempo completo de la Universidad Iberoamericana en Puebla, convers\u00f3 con nosotros sobre el acuerdo pol\u00edtico nacional entre los principales partidos. Descargue aqu\u00ed el audio de Juan Luis Hern\u00e1ndez Avenda\u00f1o"}

Acuerdo político nacional, relación PRI-PRD - Antena Radio

<blockquote class="wp-embedded-content" data-secret="B8BM3fLbUW"><a href="https://noticias.imer.mx/antenaradio/2012/11/28/acuerdo-politico-nacional-relacion-pri-prd/">Acuerdo político nacional, relación PRI-PRD</a></blockquote><iframe sandbox="allow-scripts" security="restricted" src="https://noticias.imer.mx/antenaradio/2012/11/28/acuerdo-politico-nacional-relacion-pri-prd/embed/#?secret=B8BM3fLbUW" width="600" height="338" title="«Acuerdo político nacional, relación PRI-PRD» — Antena Radio" data-secret="B8BM3fLbUW" frameborder="0" marginwidth="0" marginheight="0" scrolling="no" class="wp-embedded-content"></iframe><script type="text/javascript">
/*! This file is auto-generated */
!function(c,d){"use strict";var e=!1,o=!1;if(d.querySelector)if(c.addEventListener)e=!0;if(c.wp=c.wp||{},c.wp.receiveEmbedMessage);else if(c.wp.receiveEmbedMessage=function(e){var t=e.data;if(!t);else if(!(t.secret||t.message||t.value));else if(/[^a-zA-Z0-9]/.test(t.secret));else{for(var r,s,a,i=d.querySelectorAll('iframe[data-secret="'+t.secret+'"]'),n=d.querySelectorAll('blockquote[data-secret="'+t.secret+'"]'),o=new RegExp("^https?:$","i"),l=0;l<n.length;l++)n[l].style.display="none";for(l=0;l<i.length;l++)if(r=i[l],e.source!==r.contentWindow);else{if(r.removeAttribute("style"),"height"===t.message){if(1e3<(s=parseInt(t.value,10)))s=1e3;else if(~~s<200)s=200;r.height=s}if("link"===t.message)if(s=d.createElement("a"),a=d.createElement("a"),s.href=r.getAttribute("src"),a.href=t.value,!o.test(a.protocol));else if(a.host===s.host)if(d.activeElement===r)c.top.location.href=t.value}}},e)c.addEventListener("message",c.wp.receiveEmbedMessage,!1),d.addEventListener("DOMContentLoaded",t,!1),c.addEventListener("load",t,!1);function t(){if(o);else{o=!0;for(var e,t,r,s=-1!==navigator.appVersion.indexOf("MSIE 10"),a=!!navigator.userAgent.match(/Trident.*rv:11\./),i=d.querySelectorAll("iframe.wp-embedded-content"),n=0;n<i.length;n++){if(!(r=(t=i[n]).getAttribute("data-secret")))r=Math.random().toString(36).substr(2,10),t.src+="#?secret="+r,t.setAttribute("data-secret",r);if(s||a)(e=t.cloneNode(!0)).removeAttribute("security"),t.parentNode.replaceChild(e,t);t.contentWindow.postMessage({message:"ready",secret:r},"*")}}}}(window,document);
</script>

El maestro Juan Luis Hernández Avendaño,politólogo, profesor de tiempo completo de la Universidad Iberoamericana en Puebla, conversó con nosotros sobre el acuerdo político nacional entre los principales partidos. Descargue aquí el audio de Juan Luis Hernández Avendaño
