{"version":"1.0","provider_name":"Antena Radio","provider_url":"https:\/\/noticias.imer.mx\/antenaradio","author_name":"IMER Noticias","author_url":"https:\/\/noticias.imer.mx\/antenaradio\/author\/antenaradio\/","title":"Todos los Lunes 17 de Septiembre  - Antena Radio","type":"rich","width":600,"height":338,"html":"<blockquote class=\"wp-embedded-content\" data-secret=\"NEISjb2Sml\"><a href=\"https:\/\/noticias.imer.mx\/antenaradio\/2012\/09\/17\/todos-los-lunes-17-de-septiembre\/\">Todos los Lunes 17 de Septiembre<\/a><\/blockquote><iframe sandbox=\"allow-scripts\" security=\"restricted\" src=\"https:\/\/noticias.imer.mx\/antenaradio\/2012\/09\/17\/todos-los-lunes-17-de-septiembre\/embed\/#?secret=NEISjb2Sml\" width=\"600\" height=\"338\" title=\"\u00abTodos los Lunes 17 de Septiembre\u00bb \u2014 Antena Radio\" data-secret=\"NEISjb2Sml\" frameborder=\"0\" marginwidth=\"0\" marginheight=\"0\" scrolling=\"no\" class=\"wp-embedded-content\"><\/iframe><script type=\"text\/javascript\">\n\/*! This file is auto-generated *\/\n!function(c,d){\"use strict\";var e=!1,o=!1;if(d.querySelector)if(c.addEventListener)e=!0;if(c.wp=c.wp||{},c.wp.receiveEmbedMessage);else if(c.wp.receiveEmbedMessage=function(e){var t=e.data;if(!t);else if(!(t.secret||t.message||t.value));else if(\/[^a-zA-Z0-9]\/.test(t.secret));else{for(var r,s,a,i=d.querySelectorAll('iframe[data-secret=\"'+t.secret+'\"]'),n=d.querySelectorAll('blockquote[data-secret=\"'+t.secret+'\"]'),o=new RegExp(\"^https?:$\",\"i\"),l=0;l<n.length;l++)n[l].style.display=\"none\";for(l=0;l<i.length;l++)if(r=i[l],e.source!==r.contentWindow);else{if(r.removeAttribute(\"style\"),\"height\"===t.message){if(1e3<(s=parseInt(t.value,10)))s=1e3;else if(~~s<200)s=200;r.height=s}if(\"link\"===t.message)if(s=d.createElement(\"a\"),a=d.createElement(\"a\"),s.href=r.getAttribute(\"src\"),a.href=t.value,!o.test(a.protocol));else if(a.host===s.host)if(d.activeElement===r)c.top.location.href=t.value}}},e)c.addEventListener(\"message\",c.wp.receiveEmbedMessage,!1),d.addEventListener(\"DOMContentLoaded\",t,!1),c.addEventListener(\"load\",t,!1);function t(){if(o);else{o=!0;for(var e,t,r,s=-1!==navigator.appVersion.indexOf(\"MSIE 10\"),a=!!navigator.userAgent.match(\/Trident.*rv:11\\.\/),i=d.querySelectorAll(\"iframe.wp-embedded-content\"),n=0;n<i.length;n++){if(!(r=(t=i[n]).getAttribute(\"data-secret\")))r=Math.random().toString(36).substr(2,10),t.src+=\"#?secret=\"+r,t.setAttribute(\"data-secret\",r);if(s||a)(e=t.cloneNode(!0)).removeAttribute(\"security\"),t.parentNode.replaceChild(e,t);t.contentWindow.postMessage({message:\"ready\",secret:r},\"*\")}}}}(window,document);\n<\/script>\n","description":"El ingeniero Arturo Huerta habl\u00f3 con nosotros de la Cumbre de la Comunicaci\u00f3n. 17 SEP ARTURO HUERTA Paola Migoya, coordinadora de la Organizaci\u00f3n Evoluci\u00f3n Mexicana, habl\u00f3 sobre el debate de las organizaciones sociales para realizar una reforma de medios. 17 SEP PAOLA MIGOYA","thumbnail_url":"http:\/\/snn.imer.gob.mx\/todosloslunes\/files\/2012\/09\/Arturo-Huerta-150x150.jpg"}

El ingeniero Arturo Huerta habló con nosotros de la Cumbre de la Comunicación. 17 SEP ARTURO HUERTA Paola Migoya, coordinadora de la Organización Evolución Mexicana, habló sobre el debate de las organizaciones sociales para realizar una reforma de medios. 17 SEP PAOLA MIGOYA
