{"version":"1.0","provider_name":"Antena Radio","provider_url":"https:\/\/noticias.imer.mx\/antenaradio","author_name":"IMER Noticias","author_url":"https:\/\/noticias.imer.mx\/antenaradio\/author\/antenaradio\/","title":"Entrevista con Rodolfo Montiel  - Antena Radio","type":"rich","width":600,"height":338,"html":"<blockquote class=\"wp-embedded-content\" data-secret=\"e13oDG0OiL\"><a href=\"https:\/\/noticias.imer.mx\/antenaradio\/2011\/06\/21\/entrevista-con-rodolfo-montiel-vargas\/\">Entrevista con Rodolfo Montiel<\/a><\/blockquote><iframe sandbox=\"allow-scripts\" security=\"restricted\" src=\"https:\/\/noticias.imer.mx\/antenaradio\/2011\/06\/21\/entrevista-con-rodolfo-montiel-vargas\/embed\/#?secret=e13oDG0OiL\" width=\"600\" height=\"338\" title=\"\u00abEntrevista con Rodolfo Montiel\u00bb \u2014 Antena Radio\" data-secret=\"e13oDG0OiL\" frameborder=\"0\" marginwidth=\"0\" marginheight=\"0\" scrolling=\"no\" class=\"wp-embedded-content\"><\/iframe><script type=\"text\/javascript\">\n\/*! This file is auto-generated *\/\n!function(c,d){\"use strict\";var e=!1,o=!1;if(d.querySelector)if(c.addEventListener)e=!0;if(c.wp=c.wp||{},c.wp.receiveEmbedMessage);else if(c.wp.receiveEmbedMessage=function(e){var t=e.data;if(!t);else if(!(t.secret||t.message||t.value));else if(\/[^a-zA-Z0-9]\/.test(t.secret));else{for(var r,s,a,i=d.querySelectorAll('iframe[data-secret=\"'+t.secret+'\"]'),n=d.querySelectorAll('blockquote[data-secret=\"'+t.secret+'\"]'),o=new RegExp(\"^https?:$\",\"i\"),l=0;l<n.length;l++)n[l].style.display=\"none\";for(l=0;l<i.length;l++)if(r=i[l],e.source!==r.contentWindow);else{if(r.removeAttribute(\"style\"),\"height\"===t.message){if(1e3<(s=parseInt(t.value,10)))s=1e3;else if(~~s<200)s=200;r.height=s}if(\"link\"===t.message)if(s=d.createElement(\"a\"),a=d.createElement(\"a\"),s.href=r.getAttribute(\"src\"),a.href=t.value,!o.test(a.protocol));else if(a.host===s.host)if(d.activeElement===r)c.top.location.href=t.value}}},e)c.addEventListener(\"message\",c.wp.receiveEmbedMessage,!1),d.addEventListener(\"DOMContentLoaded\",t,!1),c.addEventListener(\"load\",t,!1);function t(){if(o);else{o=!0;for(var e,t,r,s=-1!==navigator.appVersion.indexOf(\"MSIE 10\"),a=!!navigator.userAgent.match(\/Trident.*rv:11\\.\/),i=d.querySelectorAll(\"iframe.wp-embedded-content\"),n=0;n<i.length;n++){if(!(r=(t=i[n]).getAttribute(\"data-secret\")))r=Math.random().toString(36).substr(2,10),t.src+=\"#?secret=\"+r,t.setAttribute(\"data-secret\",r);if(s||a)(e=t.cloneNode(!0)).removeAttribute(\"security\"),t.parentNode.replaceChild(e,t);t.contentWindow.postMessage({message:\"ready\",secret:r},\"*\")}}}}(window,document);\n<\/script>\n","description":"En Antena Radio Express conversamos con Rodolfo Montiel, uno de los dos campesinos originarios de Guerrero que trabajaban en contra de la tala ilegal en la sierra de Petatl\u00e1n. Ambos fueron detenidos por el Ej\u00e9rcito en 1999. El pasado mes de noviembre la Corte Interamericana de Derechos Humanos emiti\u00f3 una sentencia en la que considera&hellip;","thumbnail_url":"http:\/\/snn.imer.gob.mx\/antenaradio\/files\/2011\/06\/rodolfomontiel-2010-150x150.jpg"}

En Antena Radio Express conversamos con Rodolfo Montiel, uno de los dos campesinos originarios de Guerrero que trabajaban en contra de la tala ilegal en la sierra de Petatlán. Ambos fueron detenidos por el Ejército en 1999. El pasado mes de noviembre la Corte Interamericana de Derechos Humanos emitió una sentencia en la que considera&hellip;
