{"version":"1.0","provider_name":"Antena Radio","provider_url":"https:\/\/noticias.imer.mx\/antenaradio","author_name":"IMER Noticias","author_url":"https:\/\/noticias.imer.mx\/antenaradio\/author\/antenaradio\/","title":"Entrevista con Cruz L\u00f3pez Aguilar - Antena Radio","type":"rich","width":600,"height":338,"html":"<blockquote class=\"wp-embedded-content\" data-secret=\"pQwfnQJMqB\"><a href=\"https:\/\/noticias.imer.mx\/antenaradio\/2009\/08\/20\/entrevista-con-cruz-lopez-aguilar\/\">Entrevista con Cruz L\u00f3pez Aguilar<\/a><\/blockquote><iframe sandbox=\"allow-scripts\" security=\"restricted\" src=\"https:\/\/noticias.imer.mx\/antenaradio\/2009\/08\/20\/entrevista-con-cruz-lopez-aguilar\/embed\/#?secret=pQwfnQJMqB\" width=\"600\" height=\"338\" title=\"\u00abEntrevista con Cruz L\u00f3pez Aguilar\u00bb \u2014 Antena Radio\" data-secret=\"pQwfnQJMqB\" frameborder=\"0\" marginwidth=\"0\" marginheight=\"0\" scrolling=\"no\" class=\"wp-embedded-content\"><\/iframe><script type=\"text\/javascript\">\n\/*! This file is auto-generated *\/\n!function(c,d){\"use strict\";var e=!1,o=!1;if(d.querySelector)if(c.addEventListener)e=!0;if(c.wp=c.wp||{},c.wp.receiveEmbedMessage);else if(c.wp.receiveEmbedMessage=function(e){var t=e.data;if(!t);else if(!(t.secret||t.message||t.value));else if(\/[^a-zA-Z0-9]\/.test(t.secret));else{for(var r,s,a,i=d.querySelectorAll('iframe[data-secret=\"'+t.secret+'\"]'),n=d.querySelectorAll('blockquote[data-secret=\"'+t.secret+'\"]'),o=new RegExp(\"^https?:$\",\"i\"),l=0;l<n.length;l++)n[l].style.display=\"none\";for(l=0;l<i.length;l++)if(r=i[l],e.source!==r.contentWindow);else{if(r.removeAttribute(\"style\"),\"height\"===t.message){if(1e3<(s=parseInt(t.value,10)))s=1e3;else if(~~s<200)s=200;r.height=s}if(\"link\"===t.message)if(s=d.createElement(\"a\"),a=d.createElement(\"a\"),s.href=r.getAttribute(\"src\"),a.href=t.value,!o.test(a.protocol));else if(a.host===s.host)if(d.activeElement===r)c.top.location.href=t.value}}},e)c.addEventListener(\"message\",c.wp.receiveEmbedMessage,!1),d.addEventListener(\"DOMContentLoaded\",t,!1),c.addEventListener(\"load\",t,!1);function t(){if(o);else{o=!0;for(var e,t,r,s=-1!==navigator.appVersion.indexOf(\"MSIE 10\"),a=!!navigator.userAgent.match(\/Trident.*rv:11\\.\/),i=d.querySelectorAll(\"iframe.wp-embedded-content\"),n=0;n<i.length;n++){if(!(r=(t=i[n]).getAttribute(\"data-secret\")))r=Math.random().toString(36).substr(2,10),t.src+=\"#?secret=\"+r,t.setAttribute(\"data-secret\",r);if(s||a)(e=t.cloneNode(!0)).removeAttribute(\"security\"),t.parentNode.replaceChild(e,t);t.contentWindow.postMessage({message:\"ready\",secret:r},\"*\")}}}}(window,document);\n<\/script>\n","description":"La crisis por la falta de lluvias no s\u00f3lo afecta al abasto de agua en la ciudad de M\u00e9xico. En el campo, tambi\u00e9n se padecen las repercusiones de una temporada inusualmente seca. Para hablar sobre el tema invitamos al ingeniero Cruz L\u00f3pez Aguilar, presidente de la Confederaci\u00f3n Nacional Campesina. \u00a0 lopez-aguilar","thumbnail_url":"http:\/\/www.blogs.imer.com.mx\/antenaradio\/files\/2009\/08\/cruz-cnc-150x150.jpg"}

Entrevista con Cruz López Aguilar - Antena Radio

<blockquote class="wp-embedded-content" data-secret="pQwfnQJMqB"><a href="https://noticias.imer.mx/antenaradio/2009/08/20/entrevista-con-cruz-lopez-aguilar/">Entrevista con Cruz López Aguilar</a></blockquote><iframe sandbox="allow-scripts" security="restricted" src="https://noticias.imer.mx/antenaradio/2009/08/20/entrevista-con-cruz-lopez-aguilar/embed/#?secret=pQwfnQJMqB" width="600" height="338" title="«Entrevista con Cruz López Aguilar» — Antena Radio" data-secret="pQwfnQJMqB" frameborder="0" marginwidth="0" marginheight="0" scrolling="no" class="wp-embedded-content"></iframe><script type="text/javascript">
/*! This file is auto-generated */
!function(c,d){"use strict";var e=!1,o=!1;if(d.querySelector)if(c.addEventListener)e=!0;if(c.wp=c.wp||{},c.wp.receiveEmbedMessage);else if(c.wp.receiveEmbedMessage=function(e){var t=e.data;if(!t);else if(!(t.secret||t.message||t.value));else if(/[^a-zA-Z0-9]/.test(t.secret));else{for(var r,s,a,i=d.querySelectorAll('iframe[data-secret="'+t.secret+'"]'),n=d.querySelectorAll('blockquote[data-secret="'+t.secret+'"]'),o=new RegExp("^https?:$","i"),l=0;l<n.length;l++)n[l].style.display="none";for(l=0;l<i.length;l++)if(r=i[l],e.source!==r.contentWindow);else{if(r.removeAttribute("style"),"height"===t.message){if(1e3<(s=parseInt(t.value,10)))s=1e3;else if(~~s<200)s=200;r.height=s}if("link"===t.message)if(s=d.createElement("a"),a=d.createElement("a"),s.href=r.getAttribute("src"),a.href=t.value,!o.test(a.protocol));else if(a.host===s.host)if(d.activeElement===r)c.top.location.href=t.value}}},e)c.addEventListener("message",c.wp.receiveEmbedMessage,!1),d.addEventListener("DOMContentLoaded",t,!1),c.addEventListener("load",t,!1);function t(){if(o);else{o=!0;for(var e,t,r,s=-1!==navigator.appVersion.indexOf("MSIE 10"),a=!!navigator.userAgent.match(/Trident.*rv:11\./),i=d.querySelectorAll("iframe.wp-embedded-content"),n=0;n<i.length;n++){if(!(r=(t=i[n]).getAttribute("data-secret")))r=Math.random().toString(36).substr(2,10),t.src+="#?secret="+r,t.setAttribute("data-secret",r);if(s||a)(e=t.cloneNode(!0)).removeAttribute("security"),t.parentNode.replaceChild(e,t);t.contentWindow.postMessage({message:"ready",secret:r},"*")}}}}(window,document);
</script>

La crisis por la falta de lluvias no sólo afecta al abasto de agua en la ciudad de México. En el campo, también se padecen las repercusiones de una temporada inusualmente seca. Para hablar sobre el tema invitamos al ingeniero Cruz López Aguilar, presidente de la Confederación Nacional Campesina.   lopez-aguilar
